 k + -275. Suppose -4*a + d = -65. List the prime factors of a.
2, 7
Let l be (-4)/3 - (-343)/21. Suppose -4*z + l*z - 649 = 0. List the prime factors of z.
59
Let r(l) be the third derivative of -5*l**4/12 - 7*l**3/6 + 23*l**2. List the prime factors of r(-1).
3
List the prime factors of 15/(-80) - 1139/(-16).
71
Let u(h) = 2*h**2 - 8*h + 27. Let p be u(9). Let m = 38 + -27. Let l = p + m. List the prime factors of l.
2
Let d = 158 + -158. Let f(o) = o**3 + o**2 + 3*o + 194. List the prime factors of f(d).
2, 97
Suppose 20*f - 16*f = 92. Suppose 38 = -3*q - h, -h + 89 = -5*q + f. List the prime factors of (-44)/8*q + (-3)/(-6).
2, 3
Suppose -43*d = -67*d - 40109 + 615221. List the prime factors of d.
31, 773
Let z(h) = h**2 + 8*h + 10. Let c(t) = -t + 1. Let g(j) = -21. Let u(b) = -2*c(b) + g(b). Let y be u(7). What are the prime factors of z(y)?
19
Let j = 1113 - -6134. What are the prime factors of j?
7247
Let i(z) = 1608*z - 126. Let j be i(2). Suppose 0 = 5*q - 5*w - j, 0 = -3*q + 20*w - 19*w + 1850. List the prime factors of q.
2, 7, 11
Suppose l = -5*r + 502, 214 = -3*r + 5*r - 4*l. Suppose 6*m + r = 833. What are the prime factors of (-10)/(-15) - m/(-6)?
3, 7
What are the prime factors of 2/(11623/3874 + -3)?
2, 13, 149
Let f(t) = -3*t**3 + 8*t**2 + 2*t - 15. What are the prime factors of f(-6)?
3, 101
Suppose -11692 = -5*x + 1062 + 17301. List the prime factors of x.
6011
Let r(p) = -3*p**3 - 7*p**2 - 43*p + 35. List the prime factors of r(-15).
2, 5, 13, 71
Suppose -2*o = -3*h - 232, 11*h - 12*h + 126 = o. Let x = -35 + -37. Let f = o + x. List the prime factors of f.
2, 5
Suppose -180 = -12*v + 9*v. Let i = v - -20. Let w = 196 - i. What are the prime factors of w?
2, 29
Suppose -2*z + 8 = 0, -4*p + z + 6 - 22 = 0. Let y be 1/(-3)*(p + (-18)/(-2)). What are the prime factors of y/(-12) - 3535/(-30)?
2, 59
Let u(v) = 11535*v + 1787. List the prime factors of u(2).
7, 53, 67
Let h(o) = -o**3 - 18*o**2 + 14*o + 38. Let s be h(-8). Let k = -318 - s. List the prime factors of k.
2, 3, 11
Let d = -4300 - -7693. What are the prime factors of d?
3, 13, 29
Let o(m) = -m**3 + 109*m**2 - 796*m - 27. List the prime factors of o(96).
3, 5, 7, 59
Let u be (8 + -5)/9*-1*-27. Let m(b) be the third derivative of b**6/120 - 7*b**5/60 - 5*b**4/12 + b**3/6 + 2*b**2. List the prime factors of m(u).
73
Let t = 917 - 159. Let f(z) = 19*z - 10. Let i be f(4). Suppose t - i = 4*v. List the prime factors of v.
173
Let l(b) = 2*b**3 + 3*b**2 - 7*b - 6. Let i(s) = -5*s**3 - 6*s**2 + 13*s + 11. Let a(p) = 3*i(p) + 5*l(p). What are the prime factors of a(-4)?
7, 37
Suppose 64*d - 77786 - 117493 = 170801. List the prime factors of d.
2, 5, 11, 13
Let i be (-2 - (-21)/7)/((-4)/(-4188)). Let q = i - 373. List the prime factors of q.
2, 337
Let l = 13 + -15. Let v(a) = 4*a - 124. Let p be v(17). List the prime factors of 1384/l*14/p.
173
Let h(i) = 6*i - 39. Let r be h(11). Let o be (-14)/(-63) - ((-129)/r + 1). Suppose 3*g - 3*d - 276 = 0, -o*g + 9*g + 2*d = 432. List the prime factors of g.
2, 11
Let n = -419 - -420. What are the prime factors of 719 + (1 - (1 - n))?
2, 3, 5
Let b = 16653 + -11021. List the prime factors of b.
2, 11
Suppose 5*i - 2408 = 4*q, -5*i + 1364 = -3*q - 1042. Suppose 3*j - i = -2*x + 372, j = -4*x + 294. List the prime factors of j.
2, 3, 47
Suppose -5*w = 5*m - 20, -5 = -m + 3*w - 1. Let q(n) = 141*n - 9. List the prime factors of q(m).
3, 5, 37
Let b = 24209 + -8373. List the prime factors of b.
2, 37, 107
Let s(m) = -5*m + 1. Let c be s(-4). Suppose 3*v = 99 + c. Let y = -11 + v. What are the prime factors of y?
29
Suppose 208 = -32*d + 34*d. What are the prime factors of 544*(7 + d/(-16))?
2, 17
Let n be (0 + 3)/(6/3 - 1). Suppose 0 = -i + 5, n*l - 2*l + 34 = -i. What are the prime factors of l*(-2 + 1)*1?
3, 13
Let s(k) = -k**2 + 11*k + 22. Let t be (-7)/(63/(-6))*21. Let m be s(t). List the prime factors of (-4895)/m - ((-3)/12 - 0).
5, 7
Suppose -3*y + 4*o = -6*y + 702, -3*o = 3*y - 702. Suppose -3*k = k + 4*p - 944, p + y = k. What are the prime factors of k?
5, 47
Let p = -27 + 30. Let b(t) = 2*t**3 - 1. Let f be b(p). Suppose 0 = -4*c + f - 5. What are the prime factors of c?
2, 3
Let a(w) = -197*w - 73. Let h(b) = 99*b + 37. Let k(n) = 4*a(n) + 9*h(n). List the prime factors of k(3).
2, 5, 7
What are the prime factors of (-1 - -1) + -4 + (35158 - 22)?
2, 8783
Let p = 490 + 2902. List the prime factors of p.
2, 53
Suppose 2539 + 5205 = -16*x. Let f = 680 + x. List the prime factors of f.
2, 7
Let a(l) = 3*l**2 + 41*l - 319. What are the prime factors of a(-35)?
17, 113
Let d(y) = y**3 + 15*y**2 - 6*y - 64. Let p be (-4)/((2/18)/((-14)/(-63))). What are the prime factors of d(p)?
2, 3
Suppose 2548098 = -559*p + 773*p. List the prime factors of p.
3, 7
Suppose -4*l - 121592 = -2*x, 5*x = 1402*l - 1400*l + 303908. List the prime factors of x.
2, 30389
Let i be (-6)/(11/(9526/3)). Let x = 2901 + i. What are the prime factors of x?
7, 167
List the prime factors of 4/(-19 + -1)*-52180.
2, 2609
Suppose -2 = 5*g - 2*w, 0 = 4*g - g + 4*w + 22. Let z be 5 + 0 + 0 + g. Suppose 2*d + t - 468 = 0, -4*t + 0*t + 697 = z*d. List the prime factors of d.
5, 47
Suppose 16*l - 4430 - 674 = 0. List the prime factors of l.
11, 29
Suppose 17 = -3*o + 23. Suppose -1093 = -3*k + 4*c, 5*k - o*c = 2*c + 1819. List the prime factors of k.
3, 11
Suppose 0 = -6*g + 29 + 67. Suppose -b + g = 7*b. Suppose -u - 2*s - 1 - 5 = 0, u + s = -b. What are the prime factors of u?
2
Let s be (-9 + 1)*(-4 + (2 - -1)). Suppose 0*c = -s*c - 16. What are the prime factors of (-1 - c - 5) + 33?
29
What are the prime factors of (-141 + 27)/((-4)/654)?
3, 19, 109
Suppose -5*q - 6073 = -4*m - 0*q, 0 = -4*q - 20. Suppose 0 = 3*w + 18*w - m. What are the prime factors of w?
2, 3
Let y = 31 - 85. Let g be (180/y)/((-4)/(-30)). What are the prime factors of 10/g - 1656/(-15)?
2, 5, 11
Let p(t) = -152*t**2 + 50*t - 42. Let c(r) = 51*r**2 - 17*r + 15. Let v(j) = -17*c(j) - 6*p(j). What are the prime factors of v(-2)?
199
Let f be 4418/(-8) - ((-143)/(-44))/(-13). Let j be (-27)/(-18) + (-30)/4. What are the prime factors of (-2 - 32/j)*f/(-10)?
2, 23
Let a = -31 - -75. Suppose 0 = -2*i + i - 5*u - 10, -4*i + u = -a. Suppose -i*q = -18*q + 792. What are the prime factors of q?
3, 11
Let t = 8352 - 5874. What are the prime factors of t?
2, 3, 7, 59
Suppose -5*g + 65563 = -g + 3*y, 2*g + 3*y = 32771. What are the prime factors of g?
2, 4099
Let u = -2455 + 2598. List the prime factors of u.
11, 13
Suppose -4*x + 8956 = 2*o, -5*o - 23*x + 22*x + 22426 = 0. List the prime factors of o.
2, 2243
Let i(m) = 639*m**2 + 574*m + 2898. What are the prime factors of i(-5)?
13, 1231
Suppose -4*f - p = -6*p - 27, 2*p = 2*f - 12. Suppose -f*n = 78 - 72. What are the prime factors of 123 - ((-3)/n)/(6/(-12))?
2, 3, 7
Let l be 0 + 2 + (-2 - -33). Suppose 3*r = d - 84, -r = d + l - 1. Let y = r - -69. List the prime factors of y.
2, 5
Let q(x) = -193*x**3 + 12*x**2 - 6*x + 4. What are the prime factors of q(-4)?
2, 7, 449
Let k = -84 + 86. Suppose -k*v - 3*v + 1130 = 5*x, 4*x - v = 899. What are the prime factors of x?
3, 5
List the prime factors of (-4)/(48/(-15)) - (-316020)/368.
2, 5, 43
What are the prime factors of 1*-51*(-3796)/39?
2, 17, 73
Suppose 0 = -28*m + 14*m + 6356. What are the prime factors of m?
2, 227
Let s = 402 + -570. What are the prime factors of 4533/7 + (-72)/s?
2, 3
Suppose 49*t = 53*t - 12. Suppose 3*j - t*w - 855 = 0, 862 = 3*j - 6*w + 10*w. Let g = 518 - j. List the prime factors of g.
2, 29
List the prime factors of (-31 - -13 - -220)*1/(4/358).
101, 179
Let j(t) = -t**3 - 19*t**2 - 24*t - 30. Let a be (-2)/(-1)*-11 + 4. What are the prime factors of j(a)?
2, 3, 13
Let u(a) = a**3 + 38*a**2 - 2*a - 75. Let s be u(-38). Let t(m) = 2 - m**2 + 76*m**3 + 2*m - 3 - 19*m**3. What are the prime factors of t(s)?
3, 19
Let h = 9 + -2. Let x(f) = 13*f - 5*f - 18 + 6 - 1. List the prime factors of x(h).
43
Suppose -39*q + 34*q = -40. Suppose 5*x - 6*x - 2*l + q = 0, 14 = x + 4*l. Suppose -x*w - 7 - 1 = -4*k, 2*k - 24 = -4*w. List the prime factors of w.
2
Let s = -117 - -1262. Suppose 2*p - 2*a = 442, 4*p + 5*a - s = -p. List the prime factors of p.
3, 5
What are the prime facto